{"id":99,"date":"2014-08-15T08:50:49","date_gmt":"2014-08-15T06:50:49","guid":{"rendered":"http:\/\/healing-pyramid-center.com\/?page_id=99"},"modified":"2022-09-13T13:50:20","modified_gmt":"2022-09-13T11:50:20","slug":"hlt-traitements-francais","status":"publish","type":"page","link":"https:\/\/healing-pyramid-center.com\/?page_id=99","title":{"rendered":"Fran\u00e7ais"},"content":{"rendered":"<p style=\"text-align: center;\"><img loading=\"lazy\" decoding=\"async\" class=\"wp-image-33 alignleft\" src=\"https:\/\/healing-pyramid-center.com\/wp-content\/uploads\/2013\/07\/PHI-Logo.-265x300.jpg\" alt=\"PHI-Logo.\" width=\"89\" height=\"100\" srcset=\"https:\/\/healing-pyramid-center.com\/wp-content\/uploads\/2013\/07\/PHI-Logo.-265x300.jpg 265w, https:\/\/healing-pyramid-center.com\/wp-content\/uploads\/2013\/07\/PHI-Logo..jpg 344w\" sizes=\"auto, (max-width: 89px) 100vw, 89px\" \/><\/p>\n<p>&nbsp;<\/p>\n<p>&nbsp;<\/p>\n<p><img loading=\"lazy\" decoding=\"async\" class=\"aligncenter size-large wp-image-93\" src=\"https:\/\/healing-pyramid-center.com\/wp-content\/uploads\/2013\/07\/healingpyramid-1024x468.jpg\" alt=\"\" width=\"640\" height=\"293\" srcset=\"https:\/\/healing-pyramid-center.com\/wp-content\/uploads\/2013\/07\/healingpyramid-1024x468.jpg 1024w, https:\/\/healing-pyramid-center.com\/wp-content\/uploads\/2013\/07\/healingpyramid-300x137.jpg 300w, https:\/\/healing-pyramid-center.com\/wp-content\/uploads\/2013\/07\/healingpyramid.jpg 1500w\" sizes=\"auto, (max-width: 640px) 100vw, 640px\" \/><\/p>\n<p>&nbsp;<\/p>\n<p><img loading=\"lazy\" decoding=\"async\" class=\"aligncenter wp-image-92 size-full\" src=\"https:\/\/healing-pyramid-center.com\/wp-content\/uploads\/2013\/07\/HLTFrau2.jpg\" alt=\"HLTFrau2\" width=\"754\" height=\"159\" srcset=\"https:\/\/healing-pyramid-center.com\/wp-content\/uploads\/2013\/07\/HLTFrau2.jpg 754w, https:\/\/healing-pyramid-center.com\/wp-content\/uploads\/2013\/07\/HLTFrau2-300x63.jpg 300w\" sizes=\"auto, (max-width: 754px) 100vw, 754px\" \/><\/p>\n<p>&nbsp;<\/p>\n<p>&nbsp;<\/p>\n<p>&nbsp;<\/p>\n<p><strong>Stage TENERIFE<\/strong><\/p>\n<p>16-20 janvier 2023, Fran\u00e7ais<\/p>\n<p>&nbsp;<\/p>\n<h1 style=\"text-align: left;\">RENCONTRE avec les DAUPHINS<\/h1>\n<p>&nbsp;<\/p>\n<p><strong>NOUVEAU\u00a0:<\/strong> Travail sur une PYRAMIDE historique dans une ancienne chapelle. Possibilit\u00e9 des traitements HLT \u00ae individuels apr\u00e8s le stage (70 EURO).<\/p>\n<p>&nbsp;<\/p>\n<p style=\"text-align: center;\"><iframe loading=\"lazy\" src=\"https:\/\/www.youtube.com\/embed\/yV2q6TYTyhU?rel=0\" width=\"560\" height=\"315\" frameborder=\"0\" allowfullscreen=\"allowfullscreen\"><\/iframe><\/p>\n<p>&nbsp;<\/p>\n<p><strong>5 journ\u00e9es \u00e0 la d\u00e9couverte de l\u2019 Ile de Tenerife, baleines et dauphins.<\/strong><\/p>\n<p>Le stage se d\u00e9roulera en langue fran\u00e7aise<\/p>\n<p>et est pr\u00e9vu pour une dizaine de participants.<\/p>\n<p style=\"text-align: center;\"><img loading=\"lazy\" decoding=\"async\" class=\"aligncenter wp-image-93 size-large\" src=\"https:\/\/healing-pyramid-center.com\/wp-content\/uploads\/2013\/07\/healingpyramid-1024x468.jpg\" alt=\"healingpyramid\" width=\"1024\" height=\"468\" srcset=\"https:\/\/healing-pyramid-center.com\/wp-content\/uploads\/2013\/07\/healingpyramid-1024x468.jpg 1024w, https:\/\/healing-pyramid-center.com\/wp-content\/uploads\/2013\/07\/healingpyramid-300x137.jpg 300w, https:\/\/healing-pyramid-center.com\/wp-content\/uploads\/2013\/07\/healingpyramid.jpg 1500w\" sizes=\"auto, (max-width: 1024px) 100vw, 1024px\" \/><\/p>\n<p>&nbsp;<\/p>\n<p style=\"text-align: center;\">ELIXIRS PHI \u2013 Andreas KORTE<\/p>\n<p>&nbsp;<\/p>\n<p>&nbsp;<\/p>\n<p style=\"text-align: center;\">Ce traitement d\u2019avant-garde permet de transmettre les<\/p>\n<p style=\"text-align: center;\">fr\u00e9quences vibratoires \u00e0 travers la lumi\u00e8re, la couleur, le son et les vibrations des \u00e9lixirs d\u2019Andr\u00e9as Korte.<\/p>\n<p style=\"text-align: center;\">Le but du soin est de lib\u00e9rer vos corps physiquement, \u00e9motionnellement et mentalement de leurs sch\u00e9mas limitatifs. Apporter une information manquante, en \u00e9quilibrer une autre, pour vous permettre de vivre en plus grande harmonie avec le TOUT. Nous travaillons en collaboration avec les fr\u00e9quences et les \u00e9lixirs de toutes les cr\u00e9atures vivantes de l\u2019univers, nous reliant ainsi \u00e0 l\u2019ensemble des forces de lib\u00e9ration et d\u2019\u00e9volution.<\/p>\n<p>&nbsp;<\/p>\n<p style=\"text-align: center;\"><a href=\"https:\/\/iframewidth=560height=315src=\/\/www.youtube.com\/embed\/Z5TlojQRBsM?rel=0frameborder=0allowfullscreen\/iframe\"><iframe loading=\"lazy\" src=\"\/\/www.youtube.com\/embed\/Z5TlojQRBsM?rel=0\" width=\"560\" height=\"315\" frameborder=\"0\" allowfullscreen=\"allowfullscreen\"><\/iframe><\/a><\/p>\n<p>&nbsp;<\/p>\n<p style=\"text-align: center;\">\u00a0<img loading=\"lazy\" decoding=\"async\" class=\"wp-image-33 size-medium\" src=\"https:\/\/healing-pyramid-center.com\/wp-content\/uploads\/2013\/07\/PHI-Logo.-265x300.jpg\" alt=\"PHI-Logo.\" width=\"265\" height=\"300\" srcset=\"https:\/\/healing-pyramid-center.com\/wp-content\/uploads\/2013\/07\/PHI-Logo.-265x300.jpg 265w, https:\/\/healing-pyramid-center.com\/wp-content\/uploads\/2013\/07\/PHI-Logo..jpg 344w\" sizes=\"auto, (max-width: 265px) 100vw, 265px\" \/><\/p>\n<p style=\"text-align: center;\">PHI Essences BV<\/p>\n<p style=\"text-align: center;\">Direktor: Andreas Korte<\/p>\n<p style=\"text-align: center;\">Rijksweg Zuid 1<\/p>\n<p style=\"text-align: center;\">5951 AM Belfeld<\/p>\n<p style=\"text-align: center;\">Niederlanden<\/p>\n<p style=\"text-align: center;\">E-Mail: info@phiessences.com<\/p>\n<p style=\"text-align: center;\">UST-Nr. NL 8122.13.142.B01<\/p>\n<p style=\"text-align: center;\">www.PHIessences.com<\/p>\n","protected":false},"excerpt":{"rendered":"<p>&nbsp; &nbsp; &nbsp; &nbsp; &nbsp; &nbsp; Stage TENERIFE 16-20 janvier 2023, Fran\u00e7ais &nbsp; RENCONTRE avec les DAUPHINS &nbsp; NOUVEAU\u00a0: Travail sur une PYRAMIDE historique dans une ancienne chapelle. Possibilit\u00e9 des traitements HLT \u00ae individuels apr\u00e8s le stage (70 EURO). &nbsp; &nbsp; 5 journ\u00e9es \u00e0 la d\u00e9couverte de l\u2019 Ile de Tenerife, baleines et dauphins. Le&hellip;<a href=\"https:\/\/healing-pyramid-center.com\/?page_id=99\" class=\"button\">Read more <span class=\"screen-reader-text\">Fran\u00e7ais<\/span><\/a><\/p>\n","protected":false},"author":1,"featured_media":0,"parent":0,"menu_order":2,"comment_status":"closed","ping_status":"closed","template":"","meta":{"footnotes":""},"class_list":["post-99","page","type-page","status-publish","hentry"],"_links":{"self":[{"href":"https:\/\/healing-pyramid-center.com\/index.php?rest_route=\/wp\/v2\/pages\/99","targetHints":{"allow":["GET"]}}],"collection":[{"href":"https:\/\/healing-pyramid-center.com\/index.php?rest_route=\/wp\/v2\/pages"}],"about":[{"href":"https:\/\/healing-pyramid-center.com\/index.php?rest_route=\/wp\/v2\/types\/page"}],"author":[{"embeddable":true,"href":"https:\/\/healing-pyramid-center.com\/index.php?rest_route=\/wp\/v2\/users\/1"}],"replies":[{"embeddable":true,"href":"https:\/\/healing-pyramid-center.com\/index.php?rest_route=%2Fwp%2Fv2%2Fcomments&post=99"}],"version-history":[{"count":43,"href":"https:\/\/healing-pyramid-center.com\/index.php?rest_route=\/wp\/v2\/pages\/99\/revisions"}],"predecessor-version":[{"id":385,"href":"https:\/\/healing-pyramid-center.com\/index.php?rest_route=\/wp\/v2\/pages\/99\/revisions\/385"}],"wp:attachment":[{"href":"https:\/\/healing-pyramid-center.com\/index.php?rest_route=%2Fwp%2Fv2%2Fmedia&parent=99"}],"curies":[{"name":"wp","href":"https:\/\/api.w.org\/{rel}","templated":true}]}}