{"id":97,"date":"2014-08-15T08:44:05","date_gmt":"2014-08-15T06:44:05","guid":{"rendered":"http:\/\/healing-pyramid-center.com\/?page_id=97"},"modified":"2022-09-13T13:51:43","modified_gmt":"2022-09-13T11:51:43","slug":"hlt-on-a-pyramid-in-teneriffa-english","status":"publish","type":"page","link":"https:\/\/healing-pyramid-center.com\/?page_id=97","title":{"rendered":"Deutsch"},"content":{"rendered":"<p><img loading=\"lazy\" decoding=\"async\" class=\"alignnone wp-image-33 size-medium\" src=\"https:\/\/healing-pyramid-center.com\/wp-content\/uploads\/2013\/07\/PHI-Logo.-265x300.jpg\" alt=\"PHI Essences Logo\" width=\"265\" height=\"300\" srcset=\"https:\/\/healing-pyramid-center.com\/wp-content\/uploads\/2013\/07\/PHI-Logo.-265x300.jpg 265w, https:\/\/healing-pyramid-center.com\/wp-content\/uploads\/2013\/07\/PHI-Logo..jpg 344w\" sizes=\"auto, (max-width: 265px) 100vw, 265px\" \/><\/p>\n<p><img loading=\"lazy\" decoding=\"async\" class=\"aligncenter wp-image-93 size-large\" src=\"https:\/\/healing-pyramid-center.com\/wp-content\/uploads\/2013\/07\/healingpyramid-1024x468.jpg\" alt=\"Pyramid Healing Center\" width=\"584\" height=\"267\" srcset=\"https:\/\/healing-pyramid-center.com\/wp-content\/uploads\/2013\/07\/healingpyramid-1024x468.jpg 1024w, https:\/\/healing-pyramid-center.com\/wp-content\/uploads\/2013\/07\/healingpyramid-300x137.jpg 300w, https:\/\/healing-pyramid-center.com\/wp-content\/uploads\/2013\/07\/healingpyramid.jpg 1500w\" sizes=\"auto, (max-width: 584px) 100vw, 584px\" \/><\/p>\n<p><img loading=\"lazy\" decoding=\"async\" class=\"aligncenter wp-image-92 size-full\" src=\"https:\/\/healing-pyramid-center.com\/wp-content\/uploads\/2013\/07\/HLTFrau2.jpg\" alt=\"HLT Kundin wird behandelt.\" width=\"754\" height=\"159\" srcset=\"https:\/\/healing-pyramid-center.com\/wp-content\/uploads\/2013\/07\/HLTFrau2.jpg 754w, https:\/\/healing-pyramid-center.com\/wp-content\/uploads\/2013\/07\/HLTFrau2-300x63.jpg 300w\" sizes=\"auto, (max-width: 754px) 100vw, 754px\" \/><\/p>\n<p>5 Tage auf Entdeckungsfahrt: Teneriffa und die Energie der Delphine<br \/>\nDer Kurs wird in deutscher Sprache abgehalten und ist<br \/>\nf\u00fcr ca. 10 Teilnehmer vorgesehen.<\/p>\n<p><strong>Termine:<\/strong><\/p>\n<p>13. Bis 17. M\u00e4rz 2023, in deutscher Sprache<\/p>\n<p>&nbsp;<\/p>\n<p>Neu : In einer ehemaligen Kapelle auf einer historischen Pyramide gibt es die M\u00f6glichkeit f\u00fcr individuelle HLT \u00ae Behandlungen nach dem Seminar f\u00fcr 80 EURO<\/p>\n<p><a href=\"https:\/\/youtu.be\/UXCqUD82whU\">https:\/\/youtu.be\/UXCqUD82whU<\/a><\/p>\n<p>Andreas Korte (PHI Essences) hat auf Teneriffa eine alte pr\u00e4historische Pyramide entdeckt, die unzug\u00e4nglich und von Kakteen \u00fcberwuchert war. Auf der Pyramide wurde die Ruine einer verfallenen Kapelle gefunden, die von den Spaniern in der exakt gleichen Proportion der Pyramide und auch nach Osten hin zum Sonnenaufgang hin errichtet wurde.<\/p>\n<p>Am 21.12.12 erhielten wir die Baugenehmigung zur Restauration der ehemaligen Kapelle.<\/p>\n<p>Hier haben wir nun die M\u00f6glichkeit f\u00fcr individuelle Behandlungen mit Holistischer Lichttherapie HLT \u00ae und Essenzen.<\/p>\n<p>Erleben Sie die einzigartige Landschaft und das Meer.<\/p>\n<p>Beste klimatische Bedingungen.<\/p>\n<p>Kombiniert mit einer Delphin-Begegnung und HLT \u00ae<\/p>\n<p>Eine neue Behandlungsform der Licht-, Farb-, und Toninformation, zusammen mit Essenzen kombiniert.<\/p>\n<p style=\"text-align: center;\"><a href=\"https:\/\/iframewidth=560height=315src=\/\/www.youtube.com\/embed\/Z5TlojQRBsM?rel=0frameborder=0allowfullscreen\/iframe\"><iframe loading=\"lazy\" src=\"\/\/www.youtube.com\/embed\/Z5TlojQRBsM?rel=0\" width=\"560\" height=\"315\" frameborder=\"0\" allowfullscreen=\"allowfullscreen\"><\/iframe><\/a><\/p>\n<p>Die Wirkung ist wissenschaftlich nachgewiesen worden vom Institut f\u00fcr Kommunikation und Gehirnforschung in Stuttgart (Dr. Haffelder)<\/p>\n<p>Dieses Verfahren wirkt nicht nur auf unseren Lichtk\u00f6rper, (Aura), sondern die Lichtinformation wird auch \u00fcber die Haut aufgenommen. Heute ist es wissenschaftlich nachgewiesen, dass die Zellen sich untereinander mit Lichtimpulsen kommunizieren.<\/p>\n<p>Durch die Behandlung wird das Selbstwertgef\u00fchl des Menschen gest\u00e4rkt, die Person energetisch ausgeglichen. \u00c4ngste k\u00f6nnen so verschwinden und Impulse f\u00fcr Selbstheilungsprozesse aufgenommen werden.<\/p>\n<p style=\"text-align: center;\"><img loading=\"lazy\" decoding=\"async\" class=\"wp-image-33 size-medium\" src=\"https:\/\/healing-pyramid-center.com\/wp-content\/uploads\/2013\/07\/PHI-Logo.-265x300.jpg\" alt=\"PHI-Logo.\" width=\"265\" height=\"300\" srcset=\"https:\/\/healing-pyramid-center.com\/wp-content\/uploads\/2013\/07\/PHI-Logo.-265x300.jpg 265w, https:\/\/healing-pyramid-center.com\/wp-content\/uploads\/2013\/07\/PHI-Logo..jpg 344w\" sizes=\"auto, (max-width: 265px) 100vw, 265px\" \/><\/p>\n","protected":false},"excerpt":{"rendered":"<p>5 Tage auf Entdeckungsfahrt: Teneriffa und die Energie der Delphine Der Kurs wird in deutscher Sprache abgehalten und ist f\u00fcr ca. 10 Teilnehmer vorgesehen. Termine: 13. Bis 17. M\u00e4rz 2023, in deutscher Sprache &nbsp; Neu : In einer ehemaligen Kapelle auf einer historischen Pyramide gibt es die M\u00f6glichkeit f\u00fcr individuelle HLT \u00ae Behandlungen nach dem&hellip;<a href=\"https:\/\/healing-pyramid-center.com\/?page_id=97\" class=\"button\">Read more <span class=\"screen-reader-text\">Deutsch<\/span><\/a><\/p>\n","protected":false},"author":1,"featured_media":0,"parent":0,"menu_order":0,"comment_status":"closed","ping_status":"closed","template":"","meta":{"footnotes":""},"class_list":["post-97","page","type-page","status-publish","hentry"],"_links":{"self":[{"href":"https:\/\/healing-pyramid-center.com\/index.php?rest_route=\/wp\/v2\/pages\/97","targetHints":{"allow":["GET"]}}],"collection":[{"href":"https:\/\/healing-pyramid-center.com\/index.php?rest_route=\/wp\/v2\/pages"}],"about":[{"href":"https:\/\/healing-pyramid-center.com\/index.php?rest_route=\/wp\/v2\/types\/page"}],"author":[{"embeddable":true,"href":"https:\/\/healing-pyramid-center.com\/index.php?rest_route=\/wp\/v2\/users\/1"}],"replies":[{"embeddable":true,"href":"https:\/\/healing-pyramid-center.com\/index.php?rest_route=%2Fwp%2Fv2%2Fcomments&post=97"}],"version-history":[{"count":48,"href":"https:\/\/healing-pyramid-center.com\/index.php?rest_route=\/wp\/v2\/pages\/97\/revisions"}],"predecessor-version":[{"id":386,"href":"https:\/\/healing-pyramid-center.com\/index.php?rest_route=\/wp\/v2\/pages\/97\/revisions\/386"}],"wp:attachment":[{"href":"https:\/\/healing-pyramid-center.com\/index.php?rest_route=%2Fwp%2Fv2%2Fmedia&parent=97"}],"curies":[{"name":"wp","href":"https:\/\/api.w.org\/{rel}","templated":true}]}}